{"id":332,"date":"2026-02-22T19:07:02","date_gmt":"2026-02-22T19:07:02","guid":{"rendered":"https:\/\/meeli.planet.ee\/miastone\/?page_id=332"},"modified":"2026-02-22T19:16:57","modified_gmt":"2026-02-22T19:16:57","slug":"korduma-kippuvad-kusimused","status":"publish","type":"page","link":"https:\/\/meeli.planet.ee\/miastone\/korduma-kippuvad-kusimused\/","title":{"rendered":"Korduma kippuvad k\u00fcsimused"},"content":{"rendered":"\n<h3 class=\"wp-block-heading has-background-alt-color has-text-color has-link-color wp-elements-1626f574fac7799766f979499d84abd8\">Kui palju maksab t\u00e4navakivi paigaldus?<\/h3>\n\n\n\n<p>Hind s\u00f5ltub pinnasest, kivist ja t\u00f6\u00f6mahust. Tavaliselt algab hind umbes 25\u201360 \u20ac\/m\u00b2. T\u00e4pse pakkumise saame teha p\u00e4rast objekti hindamist.<\/p>\n\n\n\n<p><\/p>\n\n\n\n<h3 class=\"wp-block-heading has-body-color has-text-color has-link-color wp-elements-b20f1dc76b8f6e1ac9a25be3e6fc7761\">Kui kaua paigaldus kestab?<\/h3>\n\n\n\n<p>Keskmise eramaja hoovi paigaldus kestab tavaliselt 2\u20135 p\u00e4eva, s\u00f5ltuvalt t\u00f6\u00f6 mahust ja ilmast.<\/p>\n\n\n\n<p><\/p>\n\n\n\n<h3 class=\"wp-block-heading has-background-alt-color has-text-color has-link-color wp-elements-921587a58c00933232e4c33672a3e9c8\">Kas teete ka ettevalmistust\u00f6\u00f6d?<\/h3>\n\n\n\n<p>Jah, teeme k\u00f5ik vajalikud kaeve- ja pinnaset\u00f6\u00f6d ning alusp\u00f5hja ettevalmistuse.<\/p>\n\n\n\n<p><\/p>\n","protected":false},"excerpt":{"rendered":"<p>Kui palju maksab t\u00e4navakivi paigaldus? Hind s\u00f5ltub pinnasest, kivist ja t\u00f6\u00f6mahust. Tavaliselt algab hind umbes 25\u201360 \u20ac\/m\u00b2. T\u00e4pse pakkumise saame teha p\u00e4rast objekti hindamist. Kui kaua paigaldus kestab? Keskmise eramaja hoovi paigaldus kestab tavaliselt 2\u20135 p\u00e4eva, s\u00f5ltuvalt t\u00f6\u00f6 mahust ja ilmast. Kas teete ka ettevalmistust\u00f6\u00f6d? Jah, teeme k\u00f5ik vajalikud kaeve- ja pinnaset\u00f6\u00f6d ning alusp\u00f5hja ettevalmistuse.<\/p>\n","protected":false},"author":1,"featured_media":0,"parent":0,"menu_order":0,"comment_status":"closed","ping_status":"closed","template":"","meta":{"footnotes":""},"class_list":["post-332","page","type-page","status-publish","hentry"],"_links":{"self":[{"href":"https:\/\/meeli.planet.ee\/miastone\/wp-json\/wp\/v2\/pages\/332","targetHints":{"allow":["GET"]}}],"collection":[{"href":"https:\/\/meeli.planet.ee\/miastone\/wp-json\/wp\/v2\/pages"}],"about":[{"href":"https:\/\/meeli.planet.ee\/miastone\/wp-json\/wp\/v2\/types\/page"}],"author":[{"embeddable":true,"href":"https:\/\/meeli.planet.ee\/miastone\/wp-json\/wp\/v2\/users\/1"}],"replies":[{"embeddable":true,"href":"https:\/\/meeli.planet.ee\/miastone\/wp-json\/wp\/v2\/comments?post=332"}],"version-history":[{"count":7,"href":"https:\/\/meeli.planet.ee\/miastone\/wp-json\/wp\/v2\/pages\/332\/revisions"}],"predecessor-version":[{"id":341,"href":"https:\/\/meeli.planet.ee\/miastone\/wp-json\/wp\/v2\/pages\/332\/revisions\/341"}],"wp:attachment":[{"href":"https:\/\/meeli.planet.ee\/miastone\/wp-json\/wp\/v2\/media?parent=332"}],"curies":[{"name":"wp","href":"https:\/\/api.w.org\/{rel}","templated":true}]}}